-5*c**2 - 55*c + 33. Calculate n(-6).
183
Let b(y) = -57*y**2 + 459*y - 384. Calculate b(7).
36
Let l(j) = -6*j**2 - 121038*j + 484218. Determine l(4).
-30
Let d(t) = 576*t + 45397. Determine d(-79).
-107
Let v(r) = 27317*r - 245854. Determine v(9).
-1
Let o(r) = -71*r + 1520. Calculate o(22).
-42
Let a(o) = 569*o**2 + 394*o - 397. Give a(1).
566
Let u(l) = 318*l + 3694. Calculate u(-10).
514
Let v(i) = 92*i - 884. Calculate v(-16).
-2356
Let d(t) = -2*t**2 - 7951*t - 1162401. Calculate d(-152).
-57
Let k(y) = -y**3 + 19*y**2 + 34*y - 160. What is k(20)?
120
Let m(o) = 18002*o - 53581. Determine m(3).
425
Let t(m) = 3*m**2 - 120*m - 123. Give t(30).
-1023
Let i(x) = -221*x - 9351. Calculate i(-42).
-69
Let q(w) = -7178*w - 301475. Determine q(-42).
1
Let p(j) = 3*j**3 + 28*j**2 + 7*j + 10. Calculate p(-8).
210
Let r(d) = -4*d**2 - 232*d - 145. Calculate r(14).
-4177
Let p(k) = 1729*k + 1513. What is p(-1)?
-216
Let p(v) = -274*v + 47159. Determine p(170).
579
Let k(y) = 21*y**3 - 63*y**2 - 6. Determine k(-2).
-426
Let a(g) = -5*g**3 + 24*g**2 - 9*g + 20. Determine a(5).
-50
Let b(y) = 971*y - 250115. Determine b(257).
-568
Let b(i) = -61*i + 3301. Give b(69).
-908
Let r(n) = -2*n**3 + 60*n**2 - 31*n - 122. Determine r(29).
661
Let u(z) = -69*z**2 - 2910*z + 12745. Calculate u(4).
1
Let l(p) = -3*p**3 - 3*p**2 + 32*p + 97. Give l(-2).
45
Let f(x) = -667*x - 106380. Calculate f(-161).
1007
Let x(i) = -i**3 - 15*i**2 + 429*i + 4841. What is x(-10)?
51
Let x(q) = -132*q + 1514. Give x(11).
62
Let n(m) = -2*m**3 - 104*m**2 - 205*m - 676. Give n(-50).
-426
Let s(k) = -2*k**3 - 36*k**2 - 50*k - 183. Calculate s(-18).
717
Let g(t) = 383*t - 81738. Give g(212).
-542
Let a(x) = x**2 - 330*x - 6684. Determine a(-19).
-53
Let o(t) = -1182*t + 26351. What is o(25)?
-3199
Let o(m) = m**2 - 26989*m - 323907. Calculate o(-12).
105
Let v(p) = -p**2 - 8989*p + 461036. Determine v(51).
-4
Let z(p) = -781*p - 13215. What is z(-17)?
62
Let o(z) = -7431*z - 319557. Give o(-43).
-24
Let j(f) = -507*f**2 - 1549*f - 67. Calculate j(-3).
17
Let i(m) = 37079*m + 259464. Calculate i(-7).
-89
Let l(j) = 3*j**3 + 14*j**2 - 29*j - 197. What is l(-4)?
-49
Let v(r) = -7479*r + 52370. What is v(7)?
17
Let m(w) = -w**3 + 774*w**2 - 4979*w - 299129. Determine m(767).
1
Let u(n) = n**3 + 61*n**2 + 174*n - 485. Determine u(-58).
-485
Let u(q) = 2*q**3 + 349*q**2 - 5076*q - 9. Determine u(-188).
-9
Let g(l) = -96*l + 3051. Determine g(32).
-21
Let x(f) = 2*f**3 - 368*f**2 - 375*f + 808. What is x(185)?
-117
Let d(w) = 945*w**2 + 130*w - 166. What is d(1)?
909
Let j(a) = a**3 - 54*a**2 + 710*a - 95. What is j(31)?
-188
Let q(h) = -h**3 + 72*h**2 - 1138*h + 3358. What is q(51)?
-59
Let w(j) = -j**2 - 61412*j + 3257650. Give w(53).
5
Let p(t) = -10*t**2 + 180*t + 152. Calculate p(17).
322
Let j(l) = -l**3 - 105*l**2 + 4889*l + 184. Determine j(35).
-201
Let v(c) = -1039666*c - 2079358. Determine v(-2).
-26
Let z(n) = 4133*n - 20. What is z(0)?
-20
Let o(q) = 17064*q - 2764393. Determine o(162).
-25
Let s(p) = -p**3 - 132*p**2 + 1734*p - 50. Determine s(12).
22
Let o(y) = -y**3 + 25*y**2 - 1010*y + 20162. What is o(21)?
716
Let k(c) = 267*c - 34641. Calculate k(143).
3540
Let y(b) = b**3 - 117*b**2 - 5*b + 513. What is y(117)?
-72
Let r(l) = 4033*l - 1435893. What is r(356)?
-145
Let q(w) = 81*w + 39756. Calculate q(-486).
390
Let u(c) = 781*c + 21553. Calculate u(-27).
466
Let m(l) = l**3 - 26*l**2 - 44*l + 45. Give m(0).
45
Let j(l) = -l**2 + 389*l - 9142. Calculate j(34).
2928
Let o(v) = v**3 + 3977*v**2 - 87978*v + 5. Give o(22).
5
Let h(w) = w**3 + 61*w**2 + 194*w + 1100. Calculate h(-58).
-60
Let r(s) = 15*s**3 + 287*s**2 + 32*s - 78. Give r(-19).
36
Let j(n) = 442*n - 29445. Determine j(70).
1495
Let z(v) = 4*v**2 - 944*v - 168980. Determine z(355).
0
Let q(z) = z**2 - 157*z - 1887. Give q(-11).
-39
Let r(p) = -p**3 + 51*p**2 + 567*p - 21880. What is r(54)?
-10
Let s(o) = -2*o**3 + 419*o**2 + o + 278. Give s(0).
278
Let x(d) = 106088*d - 742616. What is x(7)?
0
Let z(v) = 2*v**2 + 635*v - 6233. Calculate z(-327).
-20
Let z(u) = 6*u**2 - 295*u - 331. Calculate z(51).
230
Let q(i) = -i**3 - 51*i**2 - 624*i - 54. Determine q(-15).
1206
Let t(p) = 2*p**2 + 153*p + 2172. What is t(-25)?
-403
Let p(x) = 4877*x - 234084. What is p(48)?
12
Let h(x) = 4*x**3 - 390*x**2 + 7594*x + 521. Give h(27).
-19
Let t(b) = -4*b**2 + 35576*b - 497273. Give t(14).
7
Let t(b) = -19220*b + 211466. Determine t(11).
46
Let i(t) = -67*t**3 + 5*t**2 + 5*t - 22. Calculate i(-2).
524
Let g(s) = 6*s**3 - 42*s**2 - 110*s + 11. Calculate g(9).
-7
Let b(l) = -2*l**3 - 211*l**2 + 3810*l + 1250. Determine b(16).
2
Let r(s) = -40763*s - 285505. Calculate r(-7).
-164
Let w(t) = -12*t + 828. What is w(69)?
0
Let v(c) = c**3 + 6*c**2 + 76*c + 910. Calculate v(-11).
-531
Let w(d) = -d**3 - 16*d**2 + 12900*d + 168274. Calculate w(-13).
67
Let m(a) = -a**3 + 287*a**2 - 4075*a - 1108. Give m(272).
252
Let m(u) = 12*u**3 - 277*u**2 - 1159*u - 128. What is m(-4)?
-692
Let q(y) = -111*y**3 - 93016*y**2 + 1678*y + 1730. Calculate q(-838).
54
Let s(h) = -11*h**2 - 1868*h + 5650. Determine s(3).
-53
Let w(g) = -1186*g - 339197. What is w(-286)?
-1
Let c(w) = 2059*w + 88214. What is c(-43)?
-323
Let v(b) = 19581*b - 7382034. Calculate v(377).
3
Let j(h) = -9*h - 3001. Determine j(-334).
5
Let y(r) = 1187*r**2 - 2363*r - 21. Calculate y(2).
1
Let i(d) = 62*d**2 + 810*d - 3816. Give i(5).
1784
Let m(n) = 673*n - 27558. Calculate m(41).
35
Let o(u) = -12217*u - 1001794. Determine o(-82).
0
Let d(j) = 294*j - 35847. Calculate d(122).
21
Let v(m) = -m**3 + 53*m**2 - 698*m + 1478. Determine v(25).
1528
Let r(t) = 18134*t + 9447827. Determine r(-521).
13
Let m(x) = 240*x - 65. Determine m(5).
1135
Let a(o) = 6*o**3 - 17*o**2 + 20*o + 502. Determine a(-4).
-234
Let t(f) = -171*f + 2747. Determine t(16).
11
Let p(n) = -1969*n + 653699. What is p(332)?
-9
Let k(n) = -42*n**2 + 12592*n + 2383. What is k(300)?
-17
Let r(q) = -29*q**3 + 2*q**2 + 8*q + 2. Calculate r(-1).
25
Let b(j) = -j**3 - 556*j**2 + 8014*j - 453. Give b(14).
23
Let s(j) = -2728*j - 16325. Determine s(-6).
43
Let w(b) = -1589*b**2 - 23916*b + 15. Give w(-15).
1230
Let l(r) = -17*r**2 - 535*r - 2725. Calculate l(-6).
-127
Let u(b) = -115708*b + 809963. Give u(7).
7
Let x(o) = 14*o**2 + 3894*o + 558. Give x(-278).
2
Let o(h) = -19*h**2 - 4907*h - 9807. Give o(-2).
-69
Let a(j) = -8*j**3 + 9*j**2 + 105*j + 49. Calculate a(-6).
1471
Let x(n) = 134*n**2 - 16090*n + 1103. Give x(120).
-97
Let o(l) = 79*l**3 - 514*l**2 - 295*l + 117. Give o(7).
-37
Let i(y) = -y**3 - 255*y**2 - 3149*y + 250. Give i(-242).
976
Let m(z) = -6*z - 151. Give m(-30).
29
Let p(v) = -540144*v + 5401470. What is p(10)?
30
Let k(h) = -7*h**2 + 421*h - 6316. Determine k(28).
-16
Let s(u) = 168*u**2 + 3933*u + 1568. Give s(-23).
-19
Let a(k) = -746*k + 278264. Determine a(373).
6
Let n(i) = -7602*i + 1064271. Determine n(140).
-9
Let t(a) = -a**2 + 304*a + 26618. Determine t(-71).
-7
Let v(o) = -14*o**3 + 101*o**2 + 183*o - 1297. What is v(8)?
-537
Let d(a) = -6*a**2 - 765*a - 8334. What is d(-11)?
-645
Let k(a) = -53*a**3 + 7*a**2 + 3*a - 16. Give k(-3).
1469
Let w(a) = a**3 - 7*a**2 - 49656*a + 297979. Determine w(6).
7
Let w(p) = p**2 + 59*p + 1193. What is w(-44)?
533
Let n(f) = -6202*f + 6344. What is n(1)?
142
Let r(d) = 76*d - 10343. Give r(148).
905
Let k(c) = -8*c**2 + 167*c + 3898. Determine k(-14).
-8
Let s(a) = -a**3 + 4*a**2 - 3687*a + 18489. Give s(5).
29
Let q(c) = -3181*c + 38362. What is q(12)?
190
Let k(v) = -169538*v + 2034455. Give k(12).
-1
Let k(j) = -10*j**2 - 1075*j + 536345. Determine k(184).
-15
Let y(g) = -g**3 + 1700*g**2 - 5*g + 15. Give y(0).
15
Let s(z) = -z**2 + 21583*z - 3257476. Determine s(152).
36
Let i(k) = -3*k**3 - 297*k**2 - 3124*k + 696. Give i(-87).
0
Let i(q) = -2014*q**2 + 40165*q + 2315. Calculate i(20).
15
Let z(p) = -13*p**2 - 860*p - 824. What is z(-65)?
151
Let o(l) = -12*l**2 - 85*l + 286. What is o(-10)?
-64
Let i(s) = -360*s + 8873. What is i(25)?
-127
Let n(y) = -y**3 - 27*y**2 - 135*y - 71. What is n(-17)?
-666
Let a(v) = 1116*v + 2056. Determine a(-4).
-2408
Let f(h) = 12*h**3 + 6*h**2 + 595*h + 2367. Give f(-4).
-685
Let v(u) = -u**3 + 27*u**2 + 25